5). Calculate the highest common factor of t and 30.
6
Let q(v) = 8*v - 144. Let k be q(18). Let h(n) = -n**2 - n + 112 + 3*n - n**3 - 3*n. Let u be h(k). What is the highest common factor of u and 14?
14
Let u = 1155 - 871. Calculate the greatest common factor of 497 and u.
71
Let m(i) = -12*i**3 + i + 1. Let a be m(-1). Suppose k + 264 = a*k. Calculate the highest common divisor of k and 60.
12
Let j be ((-87)/5)/((-2)/10). Let w = 119 + -7. Suppose w = 2*v - q, 5*q - 7*q - 166 = -3*v. What is the greatest common divisor of j and v?
29
Let a(s) = s + 5. Let b be a(-5). Let o be 0 - b - 1 - -15. Let v be 4/(-18) - 2/27*-192. Calculate the greatest common divisor of v and o.
14
Let i = -103 + 133. Calculate the highest common factor of 12 and i.
6
Let c(r) = 4*r**3 - r**3 + 11*r**2 - 10*r + 26*r + 2 - 2*r**3. Let w be c(-9). Calculate the highest common divisor of 180 and w.
20
Let r = -168 - -536. Calculate the highest common factor of r and 46.
46
Suppose 3*v = -4*l + 2, 2*v + l = -v + 5. Let p be v/((-3)/(-6) - 0). Calculate the highest common factor of 10 and p.
2
Let t(y) = -y**2 - 18*y + 22. Let f be t(-19). Suppose q - 36 = -f*q. Calculate the greatest common factor of q and 9.
9
Let l(i) = -3 - 3*i + 3 - 4 + 3*i**2. Let u be l(3). Calculate the highest common factor of u and 154.
14
Suppose 0 = 29*w + 101 - 275. Calculate the highest common divisor of w and 21.
3
Let t(a) = 2*a + a**2 - 1 - a - 3*a + 8. Let z be t(-7). Calculate the greatest common factor of 28 and z.
14
Let n be 152/(-56) + 4/(-14). Let k be 0/n + 2 + 3. Suppose -4*g = m - 139, -k*g - 4*m + 185 = -5*m. What is the highest common divisor of 4 and g?
4
Let x(i) = 68*i - 130*i - 24*i**2 + 17 + i**3 + 62*i. Let t be x(24). Calculate the highest common divisor of t and 187.
17
Suppose 0 = m + 5*y - 271, 301 = 2*m - m - 5*y. Calculate the highest common factor of 22 and m.
22
Let j = -11 - -29. What is the highest common factor of j and 306?
18
Let m = -122 + 128. Let s(h) be the third derivative of h**5/30 - h**4/8 + h**3 + 2*h**2. Let c be s(6). What is the highest common divisor of m and c?
6
Let w be -13 + 10 - (-54 + 0). Suppose 0 = -f + 4*u + 38, 0*u + 70 = 2*f - 2*u. Calculate the greatest common factor of w and f.
17
Let k be ((-136)/32 - -3)/((-2)/16). Calculate the highest common divisor of k and 170.
10
Let g = 14 - 5. Suppose 5*q = -3*z + g + 4, 2*q + 3*z = -2. Suppose 11 = -5*l - q*y + 1, 3*l = -5*y - 14. Calculate the highest common divisor of l and 2.
2
Let m = 1711 + -1529. What is the greatest common divisor of 14 and m?
14
Let q be -5*(8/8 + -6). Suppose -4*c = -c - 15. Calculate the greatest common factor of c and q.
5
Let t(n) = 3*n**2 - 2*n. Let b be t(2). Suppose 5*v + 16 = 3*k, 0*k - b = -k + 3*v. Suppose k*l = -5 + 9. Calculate the greatest common factor of l and 1.
1
Suppose -17*v + 2226 = -14*v. Calculate the highest common factor of v and 14.
14
Let m = -290 - -402. Calculate the highest common factor of 28 and m.
28
Let z(h) = h**3 - 7*h - 21. Let m(g) = g - 1. Let u(c) = -5*m(c) - z(c). Let f be u(0). What is the greatest common factor of f and 26?
26
Let f(c) = 23*c - 89. Let w be f(4). Suppose 2*m - 18 = 2*d, 2*m - 3*m + 3 = -3*d. Calculate the highest common factor of w and m.
3
Let x(d) be the first derivative of d**3/3 + 5*d**2 - 15*d + 15. Let y be x(6). Calculate the greatest common factor of 54 and y.
27
Let b be (-14)/4*(5 + (-59)/7). What is the highest common divisor of 66 and b?
6
Suppose -5 - 3 = -4*l. Suppose l*i + 3*i = 0. Suppose i = -2*t - 0 + 14. What is the highest common divisor of t and 56?
7
Suppose j - 74 = -u + 107, 5*u - 4*j = 932. Calculate the highest common factor of u and 8.
8
Let i(h) = h**3 + 3*h**2 + h + 3. Let g be i(2). What is the highest common factor of g and 1?
1
Let m = -35 - -71. What is the highest common factor of m and 54?
18
Let o(u) = 3*u**2 - 4*u - 3. Let i be o(-1). Let c be (9/5)/(i/140). What is the greatest common factor of c and 7?
7
Suppose 5*u = 2*z - 129, 0 = -5*z + u + 90 + 175. Calculate the highest common divisor of z and 130.
26
Let w(q) = 218*q**2 - q - 1. Let d be w(-1). Let p = d + -143. Suppose -4*c + 150 = -c. What is the highest common divisor of p and c?
25
Suppose 14*q + 122 = 486. What is the greatest common divisor of 338 and q?
26
Suppose -4*l + 6 = -6*l. Let a(y) = -3 + 0 - y - 4 - 4*y. Let g be a(l). What is the greatest common divisor of 1 and g?
1
Let j(s) = 3*s**3 - 6*s**2 - 3*s - 3. Let q be j(-4). Let t be (-1)/6 - q/54. Let f be 4 + t/(15/12). Calculate the greatest common factor of 48 and f.
8
Let a be (-410)/(-12) + (-6)/36. Suppose 0 = 4*d - 557 - 123. What is the highest common divisor of d and a?
34
Let d(g) = g**2 + 10*g - 3. Let u be d(-15). Calculate the highest common divisor of 192 and u.
24
Let h(q) = -q**2 + 27*q + 9. Let x be h(7). Suppose -12*g = -x - 7. Calculate the greatest common divisor of 52 and g.
13
Let p(i) = 6*i**2 - 20. Let l(d) = 17*d**2 - 60. Let t(m) = -4*l(m) + 11*p(m). Let c be t(0). Calculate the highest common factor of c and 5.
5
Let i(w) = -4*w**3 + w**2 + w. Let m be (-3)/(-27) + 57/(-27). Let s be i(m). Suppose -5*y + s = -4*y. What is the greatest common factor of y and 85?
17
Let q = -117 - -127. Let y(x) = -x + 7. Let b be y(-3). Calculate the highest common divisor of q and b.
10
Suppose 2*r - 8*r - 66 = 0. Let o(n) = n**2 + 10*n + 14. Let h be o(r). Calculate the highest common divisor of 5 and h.
5
Suppose -1403 = -21*v + 7123. Calculate the highest common divisor of 261 and v.
29
Let h(w) = w**3 + 41*w**2 + 20*w - 393. Let m be h(-40). Calculate the greatest common factor of m and 37.
37
Let v be 3 - ((6 - 3) + -3). Suppose -2*y = -v*y + 4, -5*n = 2*y - 88. Suppose -3*r = 2*g - n, -3*g + 4*r = 4 + 6. What is the highest common factor of g and 6?
2
Let a be 1548/(-1290)*(0 - (-40)/(-3)). Calculate the highest common factor of 3184 and a.
16
Let l be 76/(15/6 + (-10)/5). Suppose -32 = 6*w - l. What is the greatest common factor of 10 and w?
10
Suppose 0 = -p - w, -5*p + 0*p + w = 0. Suppose p = -2*i - 4*t + 380, -2*i - 3*t - 885 = -7*i. Let k = 60 - 42. Calculate the greatest common factor of i and k.
18
Let i(x) = 5*x**2 + 17*x + 77. Let k be i(-7). Calculate the highest common factor of 28 and k.
7
Let k = 372 - 339. What is the greatest common factor of k and 165?
33
Suppose -2*z = h - 498, h - 247 = 5*z + 279. Calculate the highest common factor of h and 154.
22
Let b(x) = -x**3 + 10*x**2 + 10*x + 3. Let r be b(11). Let l(h) = 3*h**2 + 6*h - 19. Let d be l(r). What is the highest common factor of d and 25?
25
Let z(h) = -8*h**2 + h - 1. Let b be z(2). Let t = b + 67. What is the greatest common divisor of 18 and t?
18
Suppose -262 = -5*o + 6*b - 2*b, -o - 4*b = -62. Let r = 1 - 2. Let c be 3/(((-1)/6)/r). Calculate the greatest common factor of c and o.
18
Let b = 349 - 150. Let s = b - 171. Suppose 0 = -5*q - 45 + 115. Calculate the highest common factor of s and q.
14
Suppose -5*q + 5*x + 75 = 0, 55 = 3*q - 5*x - 0*x. Calculate the greatest common divisor of 45 and q.
5
Let g(n) = -n**3 + 8*n**2 + 3*n + 212. Let o be g(10). What is the greatest common factor of 1281 and o?
21
Suppose 5*a = 51 + 39. What is the greatest common divisor of a and 639?
9
Let t be 416/(-12) - (-2)/(-6). Let g = -19 - t. Let q(r) = 12*r. Let h be q(2). What is the greatest common divisor of g and h?
8
Let o be (24/(-10))/(7 + 1149/(-165)). Let j be (o/(-44))/((-1)/(-4)). What is the greatest common factor of j and 6?
6
Let w(t) = t**3 + 7*t**2 - 9*t - 5. Let d be w(-8). Suppose d*k - 4 = -2*q, -k - k = 0. Let v be 15/q - (-4)/8. Calculate the highest common factor of 72 and v.
8
Suppose -3*y = -6*y + 6. Let n be 7/((-28)/(-8))*66/6. What is the greatest common factor of y and n?
2
Let b = 142 - 122. Let s = -2 + 1. Let u = s + b. What is the greatest common factor of u and 190?
19
Let l(y) = -2*y**3 - 8*y**2 + 5*y - 3. Let j be l(-5). What is the highest common divisor of j and 275?
11
Let x(d) = -d - 8. Let b be x(10). Let v = -16 - b. Let m be -6*-11*v/4. Calculate the greatest common factor of 3 and m.
3
Suppose -4*u - 3*f + 46 = 0, 2*f - 26 + 95 = 5*u. Let p = 1 + u. Calculate the greatest common divisor of 35 and p.
7
Suppose -450 = 3*n 